{"id":3811,"date":"2025-02-09T11:11:42","date_gmt":"2025-02-09T10:11:42","guid":{"rendered":"https:\/\/wordpress.3hacken.at\/?page_id=3811"},"modified":"2025-02-09T11:21:15","modified_gmt":"2025-02-09T10:21:15","slug":"essen-aufsicht","status":"publish","type":"page","link":"https:\/\/www.3hacken.at\/?page_id=3811","title":{"rendered":"Essen &amp; Aufsicht"},"content":{"rendered":"\t\t<div data-elementor-type=\"wp-page\" data-elementor-id=\"3811\" class=\"elementor elementor-3811\">\n\t\t\t\t<div class=\"elementor-element elementor-element-82bf49d e-grid e-con-boxed wpr-particle-no wpr-jarallax-no wpr-parallax-no wpr-sticky-section-no e-con e-parent\" data-id=\"82bf49d\" data-element_type=\"container\">\n\t\t\t\t\t<div class=\"e-con-inner\">\n\t\t\t\t<div class=\"elementor-element elementor-element-4817636 elementor-widget elementor-widget-text-editor\" data-id=\"4817636\" data-element_type=\"widget\" data-widget_type=\"text-editor.default\">\n\t\t\t\t<div class=\"elementor-widget-container\">\n\t\t\t\t\t\t\t\t\t<h3 style=\"text-align: center;\"><strong>Essen<\/strong><\/h3><p style=\"text-align: center;\"><br \/>Kosten f\u00fcr das Mittagessen mit Getr\u00e4nk: 5,00\u20ac<br \/><strong>3 Men\u00fcs zur Wahl<\/strong> (davon ein Men\u00fc vegetarisch): Suppe, Hauptspeise mit Salat und Dessert<br \/>Die Sch\u00fcler und Sch\u00fclerinnen haben die M\u00f6glichkeit sich im Sekretariat jeweils in der Vorwoche (Dienstag 07:30 bis Donnerstag gro\u00dfe Pause) f\u00fcr das Essen anzumelden.<\/p><p style=\"text-align: center;\">Das Essen wird in der Kantine der Elisabethinen nach der 6. Stunde eingenommen.<\/p><h3 style=\"text-align: center;\"><br \/><strong>Mittagsaufsicht<\/strong><\/h3><p style=\"text-align: center;\"><br \/>Das\u00a0Mittagsaufsicht ist eine <strong>kostenlose Betreuung<\/strong> am Ende des Vormittagsunterrichts ab 12:25 Uhr bis maximal 14:30 Uhr und findet in einem Klassenraum oder der Bibliothek statt. Das Angebot richtet sich vor allem an jene Sch\u00fcler und Sch\u00fclerinnen, die eine Wartezeit (Bus, Instrumentalunterricht) zu \u00fcberbr\u00fccken haben.<br \/>Die <strong>Anmeldung<\/strong> ist f\u00fcr 1-5 Tage pro Woche m\u00f6glich.<\/p>\t\t\t\t\t\t\t\t<\/div>\n\t\t\t\t<\/div>\n\t\t\t\t<div class=\"elementor-element elementor-element-55e8a2c elementor-widget elementor-widget-image\" data-id=\"55e8a2c\" data-element_type=\"widget\" data-widget_type=\"image.default\">\n\t\t\t\t<div class=\"elementor-widget-container\">\n\t\t\t\t\t\t\t\t\t\t\t\t\t\t\t<img fetchpriority=\"high\" decoding=\"async\" width=\"1024\" height=\"148\" src=\"https:\/\/www.3hacken.at\/wp-content\/uploads\/2025\/02\/essen_02-1024x148.jpg\" class=\"attachment-large size-large wp-image-3815\" alt=\"\" srcset=\"https:\/\/www.3hacken.at\/wp-content\/uploads\/2025\/02\/essen_02-1024x148.jpg 1024w, https:\/\/www.3hacken.at\/wp-content\/uploads\/2025\/02\/essen_02-300x43.jpg 300w, https:\/\/www.3hacken.at\/wp-content\/uploads\/2025\/02\/essen_02-768x111.jpg 768w, https:\/\/www.3hacken.at\/wp-content\/uploads\/2025\/02\/essen_02-1536x222.jpg 1536w, https:\/\/www.3hacken.at\/wp-content\/uploads\/2025\/02\/essen_02.jpg 2000w\" sizes=\"(max-width: 1024px) 100vw, 1024px\" \/>\t\t\t\t\t\t\t\t\t\t\t\t\t\t\t<\/div>\n\t\t\t\t<\/div>\n\t\t\t\t\t<\/div>\n\t\t\t\t<\/div>\n\t\t\t\t<\/div>\n\t\t","protected":false},"excerpt":{"rendered":"<p>Essen Kosten f\u00fcr das Mittagessen mit Getr\u00e4nk: 5,00\u20ac3 Men\u00fcs zur Wahl (davon ein Men\u00fc vegetarisch): Suppe, Hauptspeise mit Salat und DessertDie Sch\u00fcler und Sch\u00fclerinnen haben die M\u00f6glichkeit sich im Sekretariat jeweils in der Vorwoche (Dienstag 07:30 bis Donnerstag gro\u00dfe Pause) f\u00fcr das Essen anzumelden. Das Essen wird in der Kantine der Elisabethinen nach der 6. Stunde eingenommen. Mittagsaufsicht Das\u00a0Mittagsaufsicht ist eine kostenlose Betreuung am Ende des Vormittagsunterrichts ab 12:25 Uhr bis maximal 14:30 Uhr und findet in einem Klassenraum oder der Bibliothek statt. Das Angebot richtet sich vor allem an jene Sch\u00fcler und Sch\u00fclerinnen, die eine Wartezeit (Bus, Instrumentalunterricht) zu \u00fcberbr\u00fccken haben.Die Anmeldung ist f\u00fcr 1-5 Tage pro Woche m\u00f6glich.<\/p>\n","protected":false},"author":1,"featured_media":0,"parent":0,"menu_order":0,"comment_status":"closed","ping_status":"closed","template":"","meta":{"_eb_attr":"","postBodyCss":"","postBodyMargin":[],"postBodyPadding":[],"postBodyBackground":{"backgroundType":"classic","gradient":""},"footnotes":""},"class_list":["post-3811","page","type-page","status-publish","hentry"],"aioseo_notices":[],"_links":{"self":[{"href":"https:\/\/www.3hacken.at\/index.php?rest_route=\/wp\/v2\/pages\/3811","targetHints":{"allow":["GET"]}}],"collection":[{"href":"https:\/\/www.3hacken.at\/index.php?rest_route=\/wp\/v2\/pages"}],"about":[{"href":"https:\/\/www.3hacken.at\/index.php?rest_route=\/wp\/v2\/types\/page"}],"author":[{"embeddable":true,"href":"https:\/\/www.3hacken.at\/index.php?rest_route=\/wp\/v2\/users\/1"}],"replies":[{"embeddable":true,"href":"https:\/\/www.3hacken.at\/index.php?rest_route=%2Fwp%2Fv2%2Fcomments&post=3811"}],"version-history":[{"count":0,"href":"https:\/\/www.3hacken.at\/index.php?rest_route=\/wp\/v2\/pages\/3811\/revisions"}],"wp:attachment":[{"href":"https:\/\/www.3hacken.at\/index.php?rest_route=%2Fwp%2Fv2%2Fmedia&parent=3811"}],"curies":[{"name":"wp","href":"https:\/\/api.w.org\/{rel}","templated":true}]}}